{"id":18,"date":"2025-09-30T23:40:35","date_gmt":"2025-10-01T02:40:35","guid":{"rendered":"https:\/\/climadepolitica.org\/?page_id=18"},"modified":"2026-03-16T16:59:04","modified_gmt":"2026-03-16T19:59:04","slug":"contato","status":"publish","type":"page","link":"https:\/\/climadepolitica.org\/en\/contato\/","title":{"rendered":"CONTACT"},"content":{"rendered":"<div class=\"wp-block-group alignfull has-global-padding is-content-justification-center is-layout-constrained wp-container-core-group-is-layout-c2ebeb18 wp-block-group-is-layout-constrained has-background\" style=\"margin-top:0;margin-bottom:0;padding-top:var(--wp--preset--spacing--80);padding-right:var(--wp--preset--spacing--40);padding-bottom:var(--wp--preset--spacing--80);padding-left:var(--wp--preset--spacing--40);background-image:url(&apos;https:\/\/climadepolitica.org\/wp-content\/uploads\/2025\/10\/textura_02.png&apos;);background-size:cover;\">\n<div class=\"wp-block-columns alignwide is-layout-flex wp-container-core-columns-is-layout-4c3e5610 wp-block-columns-is-layout-flex\">\n<div class=\"wp-block-column is-vertically-aligned-top is-layout-flow wp-container-core-column-is-layout-d3dfa33a wp-block-column-is-layout-flow\">\n<h3 class=\"wp-block-heading has-black-color has-text-color has-link-color wp-elements-95ccb6275a9236f1399dceff1c7bc4fd\">Contact us<\/h3>\n\n\n\n<p class=\"has-black-color has-text-color has-link-color wp-elements-c1e286987ff63388b4bace96ff6d9bcf wp-block-paragraph\">Fill out the form on the right with your information and message. Or, if you prefer, write to by e-mail <strong>contato@climadepolitica.org<\/strong> or by WhatsApp <strong>+55 (61) 9909-1889<\/strong>. We will respond as soon as possible!<\/p>\n<\/div>\n\n\n\n<div class=\"wp-block-column is-layout-flow wp-block-column-is-layout-flow\"><div class=\"wp-block-jetpack-contact-form is-style-default is-layout-flex wp-container-jetpack-contact-form-is-layout-e88d7024 wp-block-jetpack-contact-form-is-layout-flex\"><a href=\"https:\/\/climadepolitica.org\/en\/contato\/\" target=\"_blank\" rel=\"noopener noreferrer\">Submit a form.<\/a><\/div><\/div>\n<\/div>\n\n\n\n<div class=\"wp-block-group has-global-padding is-layout-constrained wp-block-group-is-layout-constrained wp-block-hidden-mobile\" style=\"margin-top:var(--wp--preset--spacing--80)\">\n<hr class=\"wp-block-separator has-text-color has-cyan-bluish-gray-color has-alpha-channel-opacity has-cyan-bluish-gray-background-color has-background\"\/>\n<\/div>\n<\/div>","protected":false},"excerpt":{"rendered":"<p>Fale com a gente Preencha o formul\u00e1rio ao lado com as suas informa\u00e7\u00f5es e mensagem desejada. Se preferir, nos escreva por e-mail contato@climadepolitica.org ou por WhatsApp +55 (61) 9909-1889. Responderemos assim que poss\u00edvel!<\/p>","protected":false},"author":271881380,"featured_media":0,"parent":0,"menu_order":5,"comment_status":"closed","ping_status":"closed","template":"","meta":{"_acf_changed":false,"_crdt_document":"","advanced_seo_description":"","jetpack_seo_html_title":"","jetpack_seo_noindex":false,"footnotes":""},"class_list":["post-18","page","type-page","status-publish","hentry"],"acf":[],"jetpack_likes_enabled":true,"jetpack_sharing_enabled":true,"jetpack_shortlink":"https:\/\/wp.me\/PgQdOc-i","jetpack-related-posts":[],"_links":{"self":[{"href":"https:\/\/climadepolitica.org\/en\/wp-json\/wp\/v2\/pages\/18","targetHints":{"allow":["GET"]}}],"collection":[{"href":"https:\/\/climadepolitica.org\/en\/wp-json\/wp\/v2\/pages"}],"about":[{"href":"https:\/\/climadepolitica.org\/en\/wp-json\/wp\/v2\/types\/page"}],"author":[{"embeddable":true,"href":"https:\/\/climadepolitica.org\/en\/wp-json\/wp\/v2\/users\/271881380"}],"replies":[{"embeddable":true,"href":"https:\/\/climadepolitica.org\/en\/wp-json\/wp\/v2\/comments?post=18"}],"version-history":[{"count":22,"href":"https:\/\/climadepolitica.org\/en\/wp-json\/wp\/v2\/pages\/18\/revisions"}],"predecessor-version":[{"id":2023,"href":"https:\/\/climadepolitica.org\/en\/wp-json\/wp\/v2\/pages\/18\/revisions\/2023"}],"wp:attachment":[{"href":"https:\/\/climadepolitica.org\/en\/wp-json\/wp\/v2\/media?parent=18"}],"curies":[{"name":"wp","href":"https:\/\/api.w.org\/{rel}","templated":true}]}}

<p>Fale com a gente Preencha o formulário ao lado com as suas informações e mensagem desejada. Se preferir, nos escreva por e-mail contato@climadepolitica.org ou por WhatsApp +55 (61) 9909-1889. Responderemos assim que possível!</p>
